 base 3, what is 0 + -122221011221?
-122221011221
In base 10, what is -145 + 4206?
4061
In base 9, what is -1 + 140860?
140858
In base 9, what is -27318 - -2?
-27316
In base 10, what is -9 + 85583?
85574
In base 2, what is -1110000111 + -1101110101010?
-1111100110001
In base 10, what is 810 - -976?
1786
In base 5, what is -23011 + 324?
-22132
In base 5, what is 1432243 + 2?
1432300
In base 12, what is 270628 + 1?
270629
In base 15, what is -abea + -2?
-abec
In base 16, what is -d3c + -24?
-d60
In base 8, what is 1322511 + 3?
1322514
In base 13, what is -295cc + -2?
-29601
In base 8, what is -23062 - 205?
-23267
In base 8, what is -5 + -761775?
-762002
In base 15, what is -3 - 202bb?
-202be
In base 13, what is -5 + -10aa7?
-10aac
In base 13, what is 22 - -157c?
15a1
In base 10, what is -44 + 524?
480
In base 13, what is -3c95c + -4?
-3c963
In base 2, what is -11 + -100111111101010?
-100111111101101
In base 13, what is -1b64 - -1?
-1b63
In base 3, what is -1111200 - -100?
-1111100
In base 15, what is -79 + d3?
59
In base 8, what is -35232 - -27?
-35203
In base 2, what is -10 - 10011101010101011?
-10011101010101101
In base 14, what is -5 - -61ab?
61a6
In base 8, what is -557567 - 4?
-557573
In base 5, what is 413103 + 10?
413113
In base 15, what is -5 - 544?
-549
In base 5, what is -13 - 1332240?
-1332303
In base 12, what is 51644b - 2?
516449
In base 15, what is -46d6 + -3?
-46d9
In base 12, what is -ab973 - 0?
-ab973
In base 8, what is -41750012 + 0?
-41750012
In base 13, what is -5899 + 0?
-5899
In base 9, what is -3 - 62513?
-62516
In base 13, what is -18b8 - -37?
-1881
In base 13, what is -2a - 3071?
-309b
In base 2, what is -1111011001110101 + -11?
-1111011001111000
In base 3, what is 21021 + 202020?
1000111
In base 11, what is -21a91 - 6?
-21a97
In base 15, what is 65dab + 8?
65db4
In base 9, what is 136 + 5587?
5734
In base 8, what is 357 - 471?
-112
In base 7, what is 3 - -3612160?
3612163
In base 7, what is 35600 - -1?
35601
In base 12, what is -4bb - -2220?
1921
In base 13, what is -5 + -4388?
-4390
In base 4, what is 31100130 - -10?
31100200
In base 8, what is 1656 + 3370?
5246
In base 14, what is 2 + 19a1d?
19a21
In base 7, what is -46125 - 12?
-46140
In base 3, what is 11222212 + 10000?
12002212
In base 9, what is -8 - -203576?
203567
In base 8, what is -30573 + -11?
-30604
In base 14, what is -30 - -161?
131
In base 4, what is -32021103231 - -1?
-32021103230
In base 3, what is 201 + 111200202?
111201110
In base 6, what is -25350 - -20?
-25330
In base 10, what is 100469 - 4?
100465
In base 2, what is 100 - -110101100101?
110101101001
In base 2, what is 10000001 + 10100010010?
10110010011
In base 13, what is 4b92b + 10?
4b93b
In base 7, what is -415 - 13515?
-14233
In base 15, what is 113 + -102?
11
In base 11, what is 212284 + 9?
212292
In base 11, what is 84a07 + 4?
84a10
In base 13, what is -21830 - 2?
-21832
In base 7, what is -20232 - -41?
-20161
In base 8, what is 37271 + -2?
37267
In base 4, what is -11 + -1333031?
-1333102
In base 12, what is 29ba - -87?
2a85
In base 9, what is -4737 + -16?
-4754
In base 15, what is -49 + 122e?
11d5
In base 6, what is -42 + 2325?
2243
In base 9, what is 323 - 1433?
-1110
In base 4, what is 100301 + 102?
101003
In base 12, what is -1548 + 42b?
-1119
In base 6, what is -25 - 134334?
-134403
In base 11, what is -52164 - -1?
-52163
In base 10, what is 5 + -46341?
-46336
In base 9, what is 3 - -1284550?
1284553
In base 5, what is 11221 - -10240?
22011
In base 4, what is 2 - 330301?
-330233
In base 16, what is 75b - -1e?
779
In base 13, what is bcb26 - 3?
bcb23
In base 3, what is -10120 - 120022?
-200212
In base 12, what is -1 - -38194?
38193
In base 8, what is 6 - -21240?
21246
In base 13, what is -8 + 71031?
71026
In base 15, what is -3 + -110c2?
-110c5
In base 4, what is -3222 + -1023?
-10311
In base 10, what is -58986 + 51?
-58935
In base 12, what is -2 - 439b27?
-439b29
In base 10, what is -389 - -445?
56
In base 10, what is 2 + 132693?
132695
In base 9, what is -8878 - 3?
-8882
In base 5, what is -31 - -1442232?
1442201
In base 12, what is 13 - 25064?
-25051
In base 2, what is 0 + -11001000111101110010?
-11001000111101110010
In base 15, what is -81 - 1c44?
-1cc5
In base 13, what is 23957 + 0?
23957
In base 11, what is -3 + -88960?
-88963
In base 6, what is 5412123 + 31?
5412154
In base 7, what is 111 - -1066?
1210
In base 8, what is -5 + -373501?
-373506
In base 13, what is 2723cb - 4?
2723c7
In base 7, what is 2 + -65054?
-65052
In base 13, what is 196628 - 1?
196627
In base 8, what is -3 - 357426?
-357431
In base 16, what is a27 + 7b?
aa2
In base 12, what is -49066 - 4?
-4906a
In base 10, what is -1754 - -4?
-1750
In base 3, what is -2111112 + 100012?
-2011100
In base 12, what is -53a5 - -3?
-53a2
In base 6, what is -155514 + 534?
-154540
In base 5, what is 32 - 241242?
-241210
In base 8, what is -3133 + -4?
-3137
In base 5, what is 14130224 + 3?
14130232
In base 2, what is -11001111011 - -100000?
-11001011011
In base 7, what is -250 + -524?
-1104
In base 2, what is -1001001010010100101101 - 11?
-1001001010010100110000
In base 12, what is 25738 + 1?
25739
In base 14, what is 1c30 + 1?
1c31
In base 16, what is 44a - -a4?
4ee
In base 6, what is -112 + 13200?
13044
In base 11, what is 1 - 5?
-4
In base 3, what is 2102022220 + -2?
2102022211
In base 9, what is 3 - 13688?
-13685
In base 14, what is 10c95 + 24?
10cb9
In base 4, what is -10133300000 + 10?
-10133233330
In base 15, what is 47a5 + -6?
479e
In base 15, what is -32384 - -e?
-32375
In base 16, what is -2a68e + 0?
-2a68e
In base 12, what is -7243 + a7?
-7158
In base 7, what is 51 + -15440?
-15356
In base 13, what is c17662 + 5?
c17667
In base 16, what is -188 + 954?
7cc
In base 14, what is 120 - 46d?
-34d
In base 3, what is -22 + -2221000012?
-2221000111
In base 3, what is 220110222220 - -20?
220111000010
In base 8, what is 5 - 1014234?
-1014227
In base 6, what is 523 + -213242?
-212315
In base 5, what is -24 + -311?
-340
In base 2, what is 1000 - -1010000010100001?
1010000010101001
In base 5, what is -2322 - -3133?
311
In base 10, what is -3648 - -768?
-2880
In base 15, what is 0 + -8ad9a?
-8ad9a
In base 13, what is 5 + -162967?
-162962
In base 11, what is -77618 - -2?
-77616
In base 7, what is 150 - -120?
300
In base 10, what is -40766 + 2?
-40764
In base 7, what is -124 + -22?
-146
In base 15, what is 7 + c2aa?
c2b2
In base 4, what is 313110 + 33?
313203
In base 15, what is 1 - -2b5bc?
2b5bd
In base 10, what is 385 + -187?
198
In base 16, what is -3cac6 + 0?
-3cac6
In base 10, what is -1 - -188607?
188606
In base 13, what is -2886 - -6?
-2880
In base 12, what is -202 - 150?
-352
In base 12, what is 9899 + 3?
98a0
In base 9, what is 0 - -115073?
115073
In base 10, what is -54 + 7272?
7218
In base 6, what is -20152 - 5?
-20201
In base 4, what is 20302 + -21230?
-322
In base 13, what is 1b1a7 + 5?
1b1ac
In base 16, what is -562 + -1a?
-57c
In base 14, what is -15 + -21d25?
-21d3a
In base 7, what is 65 + -400?
-302
In base 13, what is -1a + -33ac?
-33c9
In base 3, what is 120012 + 121122?
1011211
In base 8, what is 260 - 5116?
-4636
In base 4, what is 11 - -21102?
21113
In base 11, what is 2 + -27591?
-2758a
In base 8, what is 4 - 3461310?
-3461304
In base 2, what is 10 - -11100000011000110001?
11100000011000110011
In base 11, what is 6 - 4685?
-467a
In base 3, what is -11 + 100110?
100022
In base 12, what is 93 + a588?
a65b
In base 12, what is 123 + 558?
67b
In base 12, what is 3718 - 42?
3696
In base 4, what is 10131133 - -3?
10131202
In base 10, what is -1 - -3656?
3655
In base 3, what is 12101000211 - 11?
12101000200
In base 11, what is 116367 - -4?
116370
In base 15, what is -5 - -59ba?
59b5
In base 11, what is a - -182a?
1839
In base 2, what is -100100111100101 - -1000?
-100100111011101
In base 15, what is 33a19 + -2?
33a17
In base 7, what is -3 + 65656?
65653
In base 12, what is 0 - 12ba?
-12ba
In base 5, what is 4 - -3233?
3242
In base 4, what is -1203302 - -12?
-1203230
In base 2, what is -10 - 10111101110010110?
-10111101110011000
In base 12, what is 7 - -191?
198
In base 9, what is -218 - 3238?
-3457
In base 14, what is -34 - -153?
11d
In base 4, what is -302 + 1201322?
1201020
In base 8, what is -1230 + -103?
-1333
In bas